divided by 1/(3 + 68/(-24)).
4
Let n = 14 + -26. Calculate the remainder when 28 is divided by 246/24 - (-3)/n.
8
Let u = -205 + 211. What is the remainder when 46 is divided by u?
4
Let z be 1 - (1 + (-3 - 0)). Suppose -5 + 2 = -z*v. What is the remainder when 14 - (-2)/v*1 is divided by 9?
7
Suppose 3*s + 3*s - 330 = 0. What is the remainder when s is divided by 15?
10
Suppose 4*t + 108 = t. Let z = -35 - t. What is the remainder when z is divided by 1?
0
Suppose 3296 = 38*s - 4646. Suppose 4*y = 34 + 6. What is the remainder when s is divided by y?
9
Let v(i) be the third derivative of i**6/120 + i**5/12 - i**4/24 - 2*i**3/3 - i**2. Let r = 342 + -337. Calculate the remainder when v(-4) is divided by r.
1
Let z = -304 - -333. Calculate the remainder when z is divided by 12.
5
Suppose -335 - 94 = -3*z + 3*w, 0 = -5*z - 5*w + 685. Calculate the remainder when z is divided by 33.
8
Let t(n) = 571*n - 36. What is the remainder when t(1) is divided by 36?
31
Let z(l) be the second derivative of l**5/20 + 13*l**4/12 + 11*l**2/2 - 7*l. Calculate the remainder when 18 is divided by z(-13).
7
Let y = -3 - -19. What is the remainder when -3 + 302/10 + 2/(-10) is divided by y?
11
Suppose -2*p = -0*n + n - 52, 3*p = -n + 77. Suppose -r + p = 11. Suppose 3*g + 84 = 3*m, -21 = -2*m - 5*g + 21. What is the remainder when m is divided by r?
12
Let a(r) = 9*r**3 - 3*r**2 + 3*r - 1. Suppose 3*g + 3*o = 66, 0 = 2*o + 2181 - 2179. Calculate the remainder when a(2) is divided by g.
19
Suppose 3*m + 93 = 3*c, 5*c + 13 = 4*m + 165. Suppose 26*u = c*u - 68. What is the remainder when 135 is divided by u?
33
Let q(t) = t**2 - 10*t + 8. Let u = 65 + -55. Calculate the remainder when q(u) is divided by 4.
0
Let y(h) = h**3 - 6*h**2 - 17*h - 9. What is the remainder when y(9) is divided by 39?
3
Suppose -4*u + 208 = 4*z - 6*u, 5*u - 260 = -5*z. Calculate the remainder when 121 is divided by z.
17
Let u(l) = 2*l - 2. Let k(h) = 1. Let i(d) = 5*k(d) - u(d). Calculate the remainder when 104 is divided by i(-7).
20
Let h(f) = -1 + 0*f**2 - 2*f**2 - 2*f + f**2 - 6. Let c be h(-3). Let y(p) = -p + 12. What is the remainder when 40 is divided by y(c)?
18
Let x = -1084 + 1105. What is the remainder when 60 is divided by x?
18
Let x(r) = r**3 + r**2 - 7*r - 3. Calculate the remainder when 440 is divided by x(-2).
6
Suppose -7*o + 12*o + 5*j - 40 = 0, -5*o = 3*j - 42. Calculate the remainder when 43 is divided by o.
7
Let a(f) = -f**3 + 12*f**2 + 23*f - 1. What is the remainder when a(13) is divided by 22?
19
Let f(r) = 4*r**2 - r - 3. Let q(i) = -i**2 + i. Let o(n) = f(n) - 2*q(n). What is the remainder when o(-2) is divided by 12?
3
Let z = 443 + -438. Calculate the remainder when 14 is divided by z.
4
Calculate the remainder when 69 is divided by 52/(-3)*-1 - (-150)/(-450).
1
Suppose 5*h + k + 51 - 172 = 0, -3*k + 3 = 0. Let m(w) = -w**3 + 6*w**2 + 9*w. What is the remainder when h is divided by m(7)?
10
Let k(i) = 76*i - 124. Let p = 111 - 1. Calculate the remainder when p is divided by k(2).
26
Let p = 1210 + -695. What is the remainder when p is divided by 74?
71
Suppose 5*h + 14 = 24. Let j(v) = 5*v**3 - 4*v**2 + 7*v - 4. Calculate the remainder when j(h) is divided by 13.
8
Let s(b) = 57*b**2 - 7*b + 5. What is the remainder when 104 is divided by s(1)?
49
Let b be (-3)/((2 + 0)/(-18)). Suppose 3*g = -j + b, 5*j - 3*g = -5*g + 83. What is the remainder when 29 is divided by j?
14
Let v be 10*((-27)/9 + 73/2). Suppose m - v = -5*q - 58, -4*q = 5*m - 230. What is the remainder when q is divided by 4?
3
Let b(f) = -3*f**3 - f**2. Let z be b(-1). Suppose -6*l = 2*g - z*l - 34, 5*g = -5*l + 90. Suppose 5 = x - 0. Calculate the remainder when g is divided by x.
4
Let j(z) = -3 + 2*z**3 - 8*z**2 - z**3 + 2*z**2 + 5. Let y be j(6). Suppose 3*i = -3, 2*i + 29 = y*u - i. Calculate the remainder when 51 is divided by u.
12
Suppose 11*j + 4*j = 1485. What is the remainder when j is divided by 56?
43
What is the remainder when 76 is divided by (4 - 0)*(-140)/(-16)?
6
Suppose -3*z = 6*j - 8*j + 43, 0 = -3*j - 5*z + 36. Calculate the remainder when 36 is divided by (-36)/(-9) + j + 1.
14
Let z = 1970 + -1917. What is the remainder when z is divided by 16?
5
Let m(q) = -q. Let n(h) = 6*h - 43. Let s(d) = -5*m(d) + n(d). What is the remainder when 179 is divided by s(8)?
44
What is the remainder when 145 is divided by (1 - 9/(-18))/(9/366)?
23
Let c(r) be the first derivative of r**4/4 + 4*r**3 + 3*r - 17. What is the remainder when 7 is divided by c(-12)?
1
What is the remainder when 56 is divided by 15*(-6)/60*-8?
8
Let v = 5 - -113. Calculate the remainder when v is divided by 30.
28
Suppose 350 = -10*x + 24*x. What is the remainder when 273 is divided by x?
23
Let z be (-116)/6 + 5*14/(-105). What is the remainder when 2/(-6)*(z - -2) is divided by 3?
0
Suppose -8*a - 13 + 29 = 0. Suppose -o = 3*o. Suppose -4*c + 3*i + 18 = o, -2*c + 27 = 5*i + 5. What is the remainder when c is divided by a?
0
Let m(j) = 3*j**2 + 7*j - 2. Let v(s) = 7*s**2 + 14*s - 5. Let q(a) = -5*m(a) + 3*v(a). Suppose 0*l + 36 = 4*l. What is the remainder when q(2) is divided by l?
6
Suppose -m - 106 = -2*d - 5*m, 8 = 2*m. Let v = 30 - d. Calculate the remainder when ((-6)/5)/(v/250) is divided by 7.
6
Suppose 0*p - 5*p = -20. Suppose -b + p = -0. Suppose -159 = -b*u - 51. Calculate the remainder when u is divided by 14.
13
Let n(d) = -d**3 + 42*d**2 + 12*d - 311. What is the remainder when n(42) is divided by 12?
1
What is the remainder when 246 is divided by 1524/48*20/5?
119
Let j = 35 - 2. Suppose -30*a + j*a = 207. What is the remainder when a is divided by 25?
19
Let j be 6 + 0/1 + -3. Suppose 6*b - j*b - 2*d = 19, -5*b = 3*d. Calculate the remainder when 14 is divided by b.
2
Suppose -4*o - 8 = 0, 5*s - 33 = 4*o + 70. Let m = 7 + s. Calculate the remainder when m is divided by 7/(2/(-1) + 3).
5
Suppose 4*t - 62 = 110. Let w(o) = 5*o - 8. Let a = 10 + -4. Calculate the remainder when t is divided by w(a).
21
Let r(g) = g**2 + 13*g + 3. Let x be r(-13). Let w(d) = 3*d**3 + 23 - 17 - 2*d**x + d. Calculate the remainder when 17 is divided by w(0).
5
Let c(d) = -d**3 - 13*d**2 - 30*d - 284. What is the remainder when c(-13) is divided by 56?
50
Let a = 32 - 28. Let o(k) = k**3 - 3*k**2 + 2*k. What is the remainder when 94 is divided by o(a)?
22
Let y = -41 - -117. Suppose y + 35 = 3*q. What is the remainder when q is divided by 10?
7
Let h be 45*-4*1/(-12). Suppose -3*r = -h, 3*n + 0*r = -2*r + 55. Calculate the remainder when 42 is divided by n.
12
Let l = 20 - 12. What is the remainder when 335 is divided by l?
7
Suppose 4*g + 5*j = 406, -17*g + 501 = -12*g + 3*j. Calculate the remainder when 295 is divided by g.
97
Suppose 4*c - 89 = 2*p - 327, 4*c = 4*p - 464. Suppose -5*u = 20, -2*u - 41 = -l + u. Calculate the remainder when p is divided by l.
26
Let q(t) = t**3 - 4*t**2 + 6. Calculate the remainder when q(6) is divided by 122/3 - 8/(-12)*-1.
38
Let v(w) = -w**2 + 10*w - 2. Let r be v(8). Let q(m) = -2*m - m**2 + r - 2 + m - 8*m. Calculate the remainder when q(-6) is divided by 8.
6
Suppose 0 = 20*x + 360 - 2060. Calculate the remainder when x is divided by 0 + -1 + (-60)/(-2).
27
What is the remainder when 65 is divided by ((-68)/(-6))/(-1 - (-15)/9)?
14
Let c(i) be the third derivative of i**5/60 - i**4/6 - 7*i**3/6 - 5*i**2. Let f be c(5). Calculate the remainder when (-5)/15*210/f is divided by 18.
17
Calculate the remainder when (-3 + -139)*(0 - -1)*-1 is divided by 11.
10
Let d(i) = -18*i - 345. What is the remainder when 273 is divided by d(-23)?
66
Suppose -3*n - 2*g + 37 = 0, 9*g - 6*g = 15. Calculate the remainder when (-1)/(178/(-88) + 2) is divided by n.
8
Let c be (-4)/6 + 46/(-3). Let t(p) = -p - 14. Let h be t(c). Calculate the remainder when (-552)/(-18) + h/(-3) is divided by 11.
8
Suppose 0 = p + 2*p - 48. Calculate the remainder when 72 is divided by p.
8
Suppose -2*m - 262 = -4*k, -2*m - 4 = -6*m. Suppose 274 + k = 4*r. Calculate the remainder when r is divided by (-65)/(-3) - 2/(-6).
19
Let k(y) = y**3 + 17*y**2 + 15*y + 15. Let n be k(-15). Suppose -4*q = -2*f + n, 0*f + 5*f + 2*q = 660. What is the remainder when f is divided by 22?
20
Suppose -4*h = -16, -3*f + h - 67 - 9 = 0